 5793 is divided by 739?
620
Calculate the remainder when 53317 is divided by 5329.
27
What is the remainder when 3502299 is divided by 100?
99
Calculate the remainder when 4810 is divided by 587.
114
What is the remainder when 5811 is divided by 529?
521
Calculate the remainder when 10811847 is divided by 105.
102
What is the remainder when 117952 is divided by 19656?
16
Calculate the remainder when 68735 is divided by 67.
60
Calculate the remainder when 20533 is divided by 37.
35
Calculate the remainder when 8383 is divided by 271.
253
What is the remainder when 891 is divided by 60?
51
What is the remainder when 8215 is divided by 909?
34
What is the remainder when 45993 is divided by 1980?
453
Calculate the remainder when 18815 is divided by 77.
27
What is the remainder when 2480251 is divided by 89?
88
Calculate the remainder when 5027 is divided by 129.
125
Calculate the remainder when 685 is divided by 662.
23
Calculate the remainder when 78991 is divided by 58.
53
Calculate the remainder when 26183 is divided by 2014.
1
Calculate the remainder when 170444 is divided by 5012.
36
Calculate the remainder when 15760 is divided by 166.
156
What is the remainder when 126947 is divided by 12693?
17
What is the remainder when 44702 is divided by 1146?
8
Calculate the remainder when 5600 is divided by 205.
65
Calculate the remainder when 4914 is divided by 4683.
231
Calculate the remainder when 30360 is divided by 19.
17
What is the remainder when 21981 is divided by 21971?
10
What is the remainder when 289654 is divided by 2812?
18
What is the remainder when 13176 is divided by 6571?
34
What is the remainder when 25431 is divided by 143?
120
What is the remainder when 176647 is divided by 303?
301
Calculate the remainder when 157699 is divided by 97.
74
Calculate the remainder when 155736 is divided by 1171.
1164
Calculate the remainder when 77765 is divided by 15552.
5
What is the remainder when 6570 is divided by 156?
18
What is the remainder when 6836 is divided by 326?
316
Calculate the remainder when 3485 is divided by 1159.
8
What is the remainder when 4916 is divided by 412?
384
Calculate the remainder when 15372 is divided by 68.
4
What is the remainder when 8886 is divided by 8678?
208
What is the remainder when 1960 is divided by 1650?
310
What is the remainder when 30644 is divided by 444?
8
Calculate the remainder when 26098 is divided by 502.
496
What is the remainder when 2620133 is divided by 66?
65
Calculate the remainder when 11586 is divided by 10.
6
What is the remainder when 5729 is divided by 15?
14
Calculate the remainder when 25148 is divided by 1041.
164
What is the remainder when 7535 is divided by 838?
831
Calculate the remainder when 132962 is divided by 985.
972
What is the remainder when 531 is divided by 470?
61
What is the remainder when 3659 is divided by 1571?
517
Calculate the remainder when 3537 is divided by 694.
67
Calculate the remainder when 34137 is divided by 564.
297
Calculate the remainder when 5128 is divided by 108.
52
Calculate the remainder when 57129 is divided by 54.
51
Calculate the remainder when 139804 is divided by 17.
13
Calculate the remainder when 2386 is divided by 2117.
269
What is the remainder when 652606 is divided by 198?
196
What is the remainder when 87918 is divided by 280?
278
Calculate the remainder when 237696 is divided by 21.
18
What is the remainder when 45297 is divided by 150?
147
What is the remainder when 113366 is divided by 53?
52
Calculate the remainder when 26842 is divided by 763.
137
Calculate the remainder when 445 is divided by 422.
23
What is the remainder when 350795 is divided by 92?
91
Calculate the remainder when 70335 is divided by 118.
7
Calculate the remainder when 6412724 is divided by 294.
290
Calculate the remainder when 6191 is divided by 129.
128
Calculate the remainder when 8676 is divided by 1158.
570
What is the remainder when 115963 is divided by 5522?
1
What is the remainder when 1447 is divided by 1403?
44
Calculate the remainder when 2249 is divided by 1088.
73
Calculate the remainder when 99852 is divided by 33270.
42
What is the remainder when 2438 is divided by 2424?
14
What is the remainder when 618880 is divided by 3?
1
What is the remainder when 251417 is divided by 18?
11
Calculate the remainder when 149647 is divided by 74817.
13
What is the remainder when 27171 is divided by 27005?
166
What is the remainder when 40939 is divided by 19?
13
What is the remainder when 580 is divided by 170?
70
What is the remainder when 274 is divided by 3?
1
What is the remainder when 10816 is divided by 433?
424
What is the remainder when 14527 is divided by 808?
791
Calculate the remainder when 277288 is divided by 138641.
6
What is the remainder when 14238 is divided by 141?
138
What is the remainder when 190112 is divided by 667?
17
What is the remainder when 203102 is divided by 32?
30
Calculate the remainder when 2619 is divided by 1143.
333
What is the remainder when 42111 is divided by 27?
18
What is the remainder when 5303 is divided by 17?
16
What is the remainder when 37915 is divided by 104?
59
What is the remainder when 60131 is divided by 20025?
56
What is the remainder when 32855 is divided by 8173?
163
Calculate the remainder when 3525 is divided by 30.
15
Calculate the remainder when 15554 is divided by 1727.
11
What is the remainder when 70255 is divided by 105?
10
What is the remainder when 299178 is divided by 74?
70
What is the remainder when 747596 is divided by 2245?
11
Calculate the remainder when 24755 is divided by 1142.
773
What is the remainder when 690496 is divided by 839?
838
What is the remainder when 3451 is divided by 75?
1
Calculate the remainder when 2644 is divided by 156.
148
What is the remainder when 1186809 is divided by 1159?
1152
Calculate the remainder when 2232 is divided by 257.
176
What is the remainder when 23618 is divided by 93?
89
What is the remainder when 1656 is divided by 196?
88
Calculate the remainder when 29469 is divided by 96.
93
What is the remainder when 3844 is divided by 3797?
47
What is the remainder when 1594058 is divided by 13?
11
What is the remainder when 15957 is divided by 56?
53
What is the remainder when 29908 is divided by 5977?
23
What is the remainder when 181634 is divided by 24?
2
What is the remainder when 315051 is divided by 655?
651
What is the remainder when 457463 is divided by 457454?
9
What is the remainder when 2518565 is divided by 42?
35
Calculate the remainder when 45998 is divided by 88.
62
Calculate the remainder when 55927 is divided by 90.
37
Calculate the remainder when 3882152 is divided by 503.
501
Calculate the remainder when 60993 is divided by 368.
273
What is the remainder when 166877 is divided by 381?
380
Calculate the remainder when 144470 is divided by 1720.
1710
What is the remainder when 24637 is divided by 27?
13
What is the remainder when 202 is divided by 19?
12
Calculate the remainder when 59220 is divided by 3483.
9
What is the remainder when 120585 is divided by 120?
105
Calculate the remainder when 6471 is divided by 51.
45
What is the remainder when 3550 is divided by 454?
372
Calculate the remainder when 3251 is divided by 413.
360
Calculate the remainder when 140592 is divided by 46.
16
Calculate the remainder when 30408 is divided by 30393.
15
What is the remainder when 2426 is divided by 202?
2
Calculate the remainder when 14867 is divided by 236.
235
Calculate the remainder when 16134 is divided by 1104.
678
Calculate the remainder when 6261 is divided by 38.
29
Calculate the remainder when 3369 is divided by 51.
3
Calculate the remainder when 446 is divided by 343.
103
Calculate the remainder when 31590 is divided by 2428.
26
Calculate the remainder when 8515 is divided by 107.
62
What is the remainder when 3750 is divided by 460?
70
Calculate the remainder when 2244 is divided by 70.
4
What is the remainder when 718 is divided by 169?
42
What is the remainder when 78479 is divided by 109?
108
What is the remainder when 1754 is divided by 582?
8
Calculate the remainder when 555396 is divided by 47.
44
Calculate the remainder when 252558 is divided by 140.
138
Calculate the remainder when 9209739 is divided by 172.
171
Calculate